[INFO] cloning repository https://github.com/bakerj76/rust-tetris
[INFO] running `Command { std: "git" "-c" "credential.helper=" "-c" "credential.helper=/workspace/cargo-home/bin/git-credential-null" "clone" "--bare" "https://github.com/bakerj76/rust-tetris" "/workspace/cache/git-repos/https%3A%2F%2Fgithub.com%2Fbakerj76%2Frust-tetris", kill_on_drop: false }`
[INFO] [stderr] Cloning into bare repository '/workspace/cache/git-repos/https%3A%2F%2Fgithub.com%2Fbakerj76%2Frust-tetris'...
[INFO] running `Command { std: "git" "rev-parse" "HEAD", kill_on_drop: false }`
[INFO] [stdout] 8d335a3534657596a02d4b46307cc06b8b760993
[INFO] checking bakerj76/rust-tetris against master#af3c6e733a40e671550e0f0f5aeecaa13772ba56 for pr-74989
[INFO] running `Command { std: "git" "clone" "/workspace/cache/git-repos/https%3A%2F%2Fgithub.com%2Fbakerj76%2Frust-tetris" "/workspace/builds/worker-9/source", kill_on_drop: false }`
[INFO] [stderr] Cloning into '/workspace/builds/worker-9/source'...
[INFO] [stderr] done.
[INFO] validating manifest of git repo https://github.com/bakerj76/rust-tetris on toolchain af3c6e733a40e671550e0f0f5aeecaa13772ba56
[INFO] running `Command { std: "/workspace/cargo-home/bin/cargo" "+af3c6e733a40e671550e0f0f5aeecaa13772ba56" "read-manifest" "--manifest-path" "Cargo.toml", kill_on_drop: false }`
[INFO] started tweaking git repo https://github.com/bakerj76/rust-tetris
[INFO] finished tweaking git repo https://github.com/bakerj76/rust-tetris
[INFO] tweaked toml for git repo https://github.com/bakerj76/rust-tetris written to /workspace/builds/worker-9/source/Cargo.toml
[INFO] crate git repo https://github.com/bakerj76/rust-tetris already has a lockfile, it will not be regenerated
[INFO] running `Command { std: "/workspace/cargo-home/bin/cargo" "+af3c6e733a40e671550e0f0f5aeecaa13772ba56" "fetch" "--locked" "--manifest-path" "Cargo.toml", kill_on_drop: false }`
[INFO] [stderr]     Blocking waiting for file lock on package cache
[INFO] [stderr] error: the lock file /workspace/builds/worker-9/source/Cargo.lock needs to be updated but --locked was passed to prevent this
[INFO] [stderr] If you want to try to generate the lock file without accessing the network, use the --offline flag.
[INFO] the lockfile is outdated, regenerating it
[INFO] running `Command { std: "/workspace/cargo-home/bin/cargo" "+af3c6e733a40e671550e0f0f5aeecaa13772ba56" "generate-lockfile" "--manifest-path" "Cargo.toml" "-Zno-index-update", kill_on_drop: false }`
[INFO] [stderr]     Blocking waiting for file lock on package cache
[INFO] running `Command { std: "/workspace/cargo-home/bin/cargo" "+af3c6e733a40e671550e0f0f5aeecaa13772ba56" "fetch" "--locked" "--manifest-path" "Cargo.toml", kill_on_drop: false }`
[INFO] [stderr]     Blocking waiting for file lock on package cache
[INFO] running `Command { std: "docker" "create" "-v" "/var/lib/crater-agent-workspace/builds/worker-9/target:/opt/rustwide/target:rw,Z" "-v" "/var/lib/crater-agent-workspace/builds/worker-9/source:/opt/rustwide/workdir:ro,Z" "-v" "/var/lib/crater-agent-workspace/cargo-home:/opt/rustwide/cargo-home:ro,Z" "-v" "/var/lib/crater-agent-workspace/rustup-home:/opt/rustwide/rustup-home:ro,Z" "-e" "SOURCE_DIR=/opt/rustwide/workdir" "-e" "CARGO_TARGET_DIR=/opt/rustwide/target" "-e" "CARGO_HOME=/opt/rustwide/cargo-home" "-e" "RUSTUP_HOME=/opt/rustwide/rustup-home" "-w" "/opt/rustwide/workdir" "-m" "1610612736" "--user" "0:0" "--network" "none" "rustops/crates-build-env@sha256:d92eaeed33fa75130ca1ee6c8a01d1ffb62bac859dfdfb3450e3e5d1c0146529" "/opt/rustwide/cargo-home/bin/cargo" "+af3c6e733a40e671550e0f0f5aeecaa13772ba56" "metadata" "--no-deps" "--format-version=1", kill_on_drop: false }`
[INFO] [stdout] ee17083ff370737a2e37b346338749b84d55289a623f9129fac9ca9dfe7bfc1b
[INFO] [stderr] WARNING: Your kernel does not support swap limit capabilities or the cgroup is not mounted. Memory limited without swap.
[INFO] running `Command { std: "docker" "start" "-a" "ee17083ff370737a2e37b346338749b84d55289a623f9129fac9ca9dfe7bfc1b", kill_on_drop: false }`
[INFO] running `Command { std: "docker" "inspect" "ee17083ff370737a2e37b346338749b84d55289a623f9129fac9ca9dfe7bfc1b", kill_on_drop: false }`
[INFO] running `Command { std: "docker" "rm" "-f" "ee17083ff370737a2e37b346338749b84d55289a623f9129fac9ca9dfe7bfc1b", kill_on_drop: false }`
[INFO] [stdout] ee17083ff370737a2e37b346338749b84d55289a623f9129fac9ca9dfe7bfc1b
[INFO] running `Command { std: "docker" "create" "-v" "/var/lib/crater-agent-workspace/builds/worker-9/target:/opt/rustwide/target:rw,Z" "-v" "/var/lib/crater-agent-workspace/builds/worker-9/source:/opt/rustwide/workdir:ro,Z" "-v" "/var/lib/crater-agent-workspace/cargo-home:/opt/rustwide/cargo-home:ro,Z" "-v" "/var/lib/crater-agent-workspace/rustup-home:/opt/rustwide/rustup-home:ro,Z" "-e" "SOURCE_DIR=/opt/rustwide/workdir" "-e" "CARGO_TARGET_DIR=/opt/rustwide/target" "-e" "CARGO_INCREMENTAL=0" "-e" "RUST_BACKTRACE=full" "-e" "RUSTFLAGS=--cap-lints=forbid" "-e" "CARGO_HOME=/opt/rustwide/cargo-home" "-e" "RUSTUP_HOME=/opt/rustwide/rustup-home" "-w" "/opt/rustwide/workdir" "-m" "1610612736" "--user" "0:0" "--network" "none" "rustops/crates-build-env@sha256:d92eaeed33fa75130ca1ee6c8a01d1ffb62bac859dfdfb3450e3e5d1c0146529" "/opt/rustwide/cargo-home/bin/cargo" "+af3c6e733a40e671550e0f0f5aeecaa13772ba56" "check" "--frozen" "--all" "--all-targets" "--message-format=json", kill_on_drop: false }`
[INFO] [stdout] f09ce58b58271a665c21e9a1ee0a5276de40035eee362304ab773b35f20c766b
[INFO] [stderr] WARNING: Your kernel does not support swap limit capabilities or the cgroup is not mounted. Memory limited without swap.
[INFO] running `Command { std: "docker" "start" "-a" "f09ce58b58271a665c21e9a1ee0a5276de40035eee362304ab773b35f20c766b", kill_on_drop: false }`
[INFO] [stderr]     Checking cfg-if v0.1.10
[INFO] [stderr]    Compiling log v0.4.11
[INFO] [stderr]    Compiling xml-rs v0.8.3
[INFO] [stderr]     Checking lazy_static v1.4.0
[INFO] [stderr]    Compiling bitflags v1.2.1
[INFO] [stderr]    Compiling libloading v0.6.3
[INFO] [stderr]     Checking rand_core v0.4.2
[INFO] [stderr]     Checking slab v0.4.2
[INFO] [stderr]     Checking void v1.0.2
[INFO] [stderr]     Checking lazycell v1.3.0
[INFO] [stderr]     Checking downcast-rs v1.2.0
[INFO] [stderr]     Checking smallvec v1.4.2
[INFO] [stderr]     Checking adler32 v1.2.0
[INFO] [stderr]    Compiling crc32fast v1.2.0
[INFO] [stderr]     Checking gimli v0.22.0
[INFO] [stderr]     Checking adler v0.2.3
[INFO] [stderr]     Checking percent-encoding v2.1.0
[INFO] [stderr]     Checking instant v0.1.6
[INFO] [stderr]     Checking object v0.20.0
[INFO] [stderr]    Compiling cgmath v0.17.0
[INFO] [stderr]     Checking bytemuck v1.4.1
[INFO] [stderr]     Checking fnv v1.0.7
[INFO] [stderr]     Checking clock_ticks v0.1.1
[INFO] [stderr]    Compiling num-traits v0.2.12
[INFO] [stderr]    Compiling num-integer v0.1.43
[INFO] [stderr]    Compiling miniz_oxide v0.4.2
[INFO] [stderr]    Compiling num-rational v0.3.0
[INFO] [stderr]     Checking lock_api v0.3.4
[INFO] [stderr]    Compiling x11-dl v2.18.5
[INFO] [stderr]    Compiling libloading v0.5.2
[INFO] [stderr]     Checking miniz_oxide v0.3.7
[INFO] [stderr]     Checking rand_core v0.3.1
[INFO] [stderr]     Checking rand_jitter v0.1.4
[INFO] [stderr]     Checking rand_xorshift v0.1.1
[INFO] [stderr]     Checking rand_hc v0.1.0
[INFO] [stderr]     Checking rand_isaac v0.1.1
[INFO] [stderr]     Checking crossbeam-utils v0.7.2
[INFO] [stderr]     Checking iovec v0.1.4
[INFO] [stderr]     Checking net2 v0.2.35
[INFO] [stderr]     Checking memmap v0.7.0
[INFO] [stderr]     Checking parking_lot_core v0.7.2
[INFO] [stderr]     Checking raw-window-handle v0.3.3
[INFO] [stderr]     Checking shared_library v0.1.9
[INFO] [stderr]     Checking rand_os v0.1.3
[INFO] [stderr]     Checking deflate v0.8.6
[INFO] [stderr]     Checking rand_pcg v0.1.2
[INFO] [stderr]     Checking rand_chacha v0.1.1
[INFO] [stderr]     Checking osmesa-sys v0.1.2
[INFO] [stderr]     Checking parking_lot v0.10.2
[INFO] [stderr]     Checking rand v0.6.5
[INFO] [stderr]     Checking nix v0.14.1
[INFO] [stderr]     Checking crossbeam-epoch v0.8.2
[INFO] [stderr]     Checking crossbeam-channel v0.4.4
[INFO] [stderr]     Checking dlib v0.4.2
[INFO] [stderr]     Checking mio v0.6.22
[INFO] [stderr]    Compiling gl_generator v0.14.0
[INFO] [stderr]    Compiling wayland-scanner v0.23.6
[INFO] [stderr]     Checking wayland-sys v0.23.6
[INFO] [stderr]     Checking tiff v0.5.0
[INFO] [stderr]     Checking png v0.16.7
[INFO] [stderr]     Checking crossbeam-deque v0.7.3
[INFO] [stderr]     Checking rayon-core v1.8.0
[INFO] [stderr]     Checking mio-extras v2.0.6
[INFO] [stderr]     Checking approx v0.3.2
[INFO] [stderr]     Checking ordered-float v1.1.0
[INFO] [stderr]     Checking line_drawing v0.7.0
[INFO] [stderr]    Compiling glutin_glx_sys v0.1.7
[INFO] [stderr]    Compiling glutin_egl_sys v0.1.5
[INFO] [stderr]    Compiling glium v0.27.0
[INFO] [stderr]     Checking rusttype v0.8.3
[INFO] [stderr]     Checking rayon v1.4.0
[INFO] [stderr]     Checking num-iter v0.1.41
[INFO] [stderr]     Checking rusttype v0.7.9
[INFO] [stderr]     Checking andrew v0.2.1
[INFO] [stderr]    Compiling wayland-client v0.23.6
[INFO] [stderr]    Compiling wayland-protocols v0.23.6
[INFO] [stderr]     Checking addr2line v0.13.0
[INFO] [stderr]     Checking backtrace v0.3.50
[INFO] [stderr]     Checking calloop v0.4.4
[INFO] [stderr]     Checking wayland-commons v0.23.6
[INFO] [stderr]     Checking jpeg-decoder v0.1.20
[INFO] [stderr]     Checking image v0.23.9
[INFO] [stderr]     Checking smithay-client-toolkit v0.6.6
[INFO] [stderr]     Checking winit v0.22.2
[INFO] [stderr]     Checking glutin v0.24.1
[INFO] [stderr]     Checking tetris v0.0.1 (/opt/rustwide/workdir)
[INFO] [stdout] error[E0432]: unresolved import `glium::DisplayBuild`
[INFO] [stdout]  --> src/rootwindow.rs:9:13
[INFO] [stdout]   |
[INFO] [stdout] 9 | use glium::{DisplayBuild, Surface};
[INFO] [stdout]   |             ^^^^^^^^^^^^ no `DisplayBuild` in the root
[INFO] [stdout] 
[INFO] [stdout] 
[INFO] [stdout] error[E0432]: unresolved imports `glium::glutin::Event`, `glium::glutin::ElementState`, `glium::glutin::VirtualKeyCode`
[INFO] [stdout]  --> src/tetris.rs:4:21
[INFO] [stdout]   |
[INFO] [stdout] 4 | use glium::glutin::{Event, ElementState, VirtualKeyCode};
[INFO] [stdout]   |                     ^^^^^  ^^^^^^^^^^^^  ^^^^^^^^^^^^^^ no `VirtualKeyCode` in `glutin`
[INFO] [stdout]   |                     |      |
[INFO] [stdout]   |                     |      no `ElementState` in `glutin`
[INFO] [stdout]   |                     no `Event` in `glutin`
[INFO] [stdout]   |                     help: a similar name exists in the module: `event`
[INFO] [stdout] 
[INFO] [stdout] 
[INFO] [stdout] error[E0433]: failed to resolve: could not find `glutin_backend` in `backend`
[INFO] [stdout]   --> src/rootwindow.rs:20:34
[INFO] [stdout]    |
[INFO] [stdout] 20 |     pub display: glium::backend::glutin_backend::GlutinFacade,
[INFO] [stdout]    |                                  ^^^^^^^^^^^^^^ could not find `glutin_backend` in `backend`
[INFO] [stdout] 
[INFO] [stdout] 
[INFO] [stdout] error[E0432]: unresolved import `glium::DisplayBuild`
[INFO] [stdout]  --> src/rootwindow.rs:9:13
[INFO] [stdout]   |
[INFO] [stdout] 9 | use glium::{DisplayBuild, Surface};
[INFO] [stdout]   |             ^^^^^^^^^^^^ no `DisplayBuild` in the root
[INFO] [stdout] 
[INFO] [stdout] 
[INFO] [stdout] error[E0432]: unresolved imports `glium::glutin::Event`, `glium::glutin::ElementState`, `glium::glutin::VirtualKeyCode`
[INFO] [stdout]  --> src/tetris.rs:4:21
[INFO] [stdout]   |
[INFO] [stdout] 4 | use glium::glutin::{Event, ElementState, VirtualKeyCode};
[INFO] [stdout]   |                     ^^^^^  ^^^^^^^^^^^^  ^^^^^^^^^^^^^^ no `VirtualKeyCode` in `glutin`
[INFO] [stdout]   |                     |      |
[INFO] [stdout]   |                     |      no `ElementState` in `glutin`
[INFO] [stdout]   |                     no `Event` in `glutin`
[INFO] [stdout]   |                     help: a similar name exists in the module: `event`
[INFO] [stdout] 
[INFO] [stdout] 
[INFO] [stdout] error[E0433]: failed to resolve: could not find `glutin_backend` in `backend`
[INFO] [stdout]   --> src/rootwindow.rs:20:34
[INFO] [stdout]    |
[INFO] [stdout] 20 |     pub display: glium::backend::glutin_backend::GlutinFacade,
[INFO] [stdout]    |                                  ^^^^^^^^^^^^^^ could not find `glutin_backend` in `backend`
[INFO] [stdout] 
[INFO] [stdout] 
[INFO] [stdout] error[E0433]: failed to resolve: could not find `Event` in `glutin`
[INFO] [stdout]    --> src/rootwindow.rs:158:25
[INFO] [stdout]     |
[INFO] [stdout] 158 |                 glutin::Event::Closed => GameState::Exit,
[INFO] [stdout]     |                         ^^^^^ could not find `Event` in `glutin`
[INFO] [stdout] 
[INFO] [stdout] 
[INFO] [stdout] error[E0433]: failed to resolve: could not find `glutin_backend` in `backend`
[INFO] [stdout]   --> src/sprite.rs:28:42
[INFO] [stdout]    |
[INFO] [stdout] 28 |     pub fn new(display: &glium::backend::glutin_backend::GlutinFacade,
[INFO] [stdout]    |                                          ^^^^^^^^^^^^^^ could not find `glutin_backend` in `backend`
[INFO] [stdout] 
[INFO] [stdout] 
[INFO] [stdout] error[E0433]: failed to resolve: could not find `glutin_backend` in `backend`
[INFO] [stdout]   --> src/sprite.rs:35:49
[INFO] [stdout]    |
[INFO] [stdout] 35 |     pub fn new_tinted(display: &glium::backend::glutin_backend::GlutinFacade,
[INFO] [stdout]    |                                                 ^^^^^^^^^^^^^^ could not find `glutin_backend` in `backend`
[INFO] [stdout] 
[INFO] [stdout] 
[INFO] [stdout] error[E0433]: failed to resolve: could not find `glutin_backend` in `backend`
[INFO] [stdout]   --> src/tetris.rs:57:55
[INFO] [stdout]    |
[INFO] [stdout] 57 |     pub fn start(&mut self, display: &glium::backend::glutin_backend::GlutinFacade)
[INFO] [stdout]    |                                                       ^^^^^^^^^^^^^^ could not find `glutin_backend` in `backend`
[INFO] [stdout] 
[INFO] [stdout] 
[INFO] [stdout] error[E0433]: failed to resolve: could not find `glutin_backend` in `backend`
[INFO] [stdout]    --> src/tetris.rs:242:55
[INFO] [stdout]     |
[INFO] [stdout] 242 |     fn new_piece(&mut self, display: &glium::backend::glutin_backend::GlutinFacade)
[INFO] [stdout]     |                                                       ^^^^^^^^^^^^^^ could not find `glutin_backend` in `backend`
[INFO] [stdout] 
[INFO] [stdout] 
[INFO] [stdout] error[E0433]: failed to resolve: could not find `glutin_backend` in `backend`
[INFO] [stdout]    --> src/tetris.rs:255:62
[INFO] [stdout]     |
[INFO] [stdout] 255 |     fn setup_background(&mut self, display: &glium::backend::glutin_backend::GlutinFacade)
[INFO] [stdout]     |                                                              ^^^^^^^^^^^^^^ could not find `glutin_backend` in `backend`
[INFO] [stdout] 
[INFO] [stdout] 
[INFO] [stdout] error[E0433]: failed to resolve: could not find `glutin_backend` in `backend`
[INFO] [stdout]   --> src/tetromino.rs:35:42
[INFO] [stdout]    |
[INFO] [stdout] 35 |     pub fn new(display: &glium::backend::glutin_backend::GlutinFacade, shape: Shape,
[INFO] [stdout]    |                                          ^^^^^^^^^^^^^^ could not find `glutin_backend` in `backend`
[INFO] [stdout] 
[INFO] [stdout] 
[INFO] [stdout] error[E0433]: failed to resolve: could not find `glutin_backend` in `backend`
[INFO] [stdout]    --> src/tetromino.rs:122:48
[INFO] [stdout]     |
[INFO] [stdout] 122 |     fn build_sprites(display: &glium::backend::glutin_backend::GlutinFacade, matrix: &CellMatrix)
[INFO] [stdout]     |                                                ^^^^^^^^^^^^^^ could not find `glutin_backend` in `backend`
[INFO] [stdout] 
[INFO] [stdout] 
[INFO] [stdout] error[E0433]: failed to resolve: could not find `WindowBuilder` in `glutin`
[INFO] [stdout]   --> src/rootwindow.rs:49:38
[INFO] [stdout]    |
[INFO] [stdout] 49 |         let display = glium::glutin::WindowBuilder::new()
[INFO] [stdout]    |                                      ^^^^^^^^^^^^^ not found in `glium::glutin`
[INFO] [stdout]    |
[INFO] [stdout] help: consider importing this struct
[INFO] [stdout]    |
[INFO] [stdout] 1  | use rootwindow::glutin::window::WindowBuilder;
[INFO] [stdout]    |
[INFO] [stdout] 
[INFO] [stdout] 
[INFO] [stdout] error[E0425]: cannot find function `zero` in crate `cgmath`
[INFO] [stdout]   --> src/sprite.rs:79:31
[INFO] [stdout]    |
[INFO] [stdout] 79 |             position: cgmath::zero(),
[INFO] [stdout]    |                               ^^^^ not found in `cgmath`
[INFO] [stdout]    |
[INFO] [stdout] help: consider importing this function
[INFO] [stdout]    |
[INFO] [stdout] 1  | use cgmath::num_traits::zero;
[INFO] [stdout]    |
[INFO] [stdout] 
[INFO] [stdout] 
[INFO] [stdout] error[E0425]: cannot find value `PNG` in crate `image`
[INFO] [stdout]   --> src/spritemanager.rs:29:20
[INFO] [stdout]    |
[INFO] [stdout] 29 |             image::PNG
[INFO] [stdout]    |                    ^^^ not found in `image`
[INFO] [stdout] 
[INFO] [stdout] 
[INFO] [stdout] error[E0425]: cannot find value `PNG` in crate `image`
[INFO] [stdout]   --> src/spritemanager.rs:34:20
[INFO] [stdout]    |
[INFO] [stdout] 34 |             image::PNG
[INFO] [stdout]    |                    ^^^ not found in `image`
[INFO] [stdout] 
[INFO] [stdout] 
[INFO] [stdout] error[E0433]: failed to resolve: could not find `Event` in `glutin`
[INFO] [stdout]    --> src/rootwindow.rs:158:25
[INFO] [stdout]     |
[INFO] [stdout] 158 |                 glutin::Event::Closed => GameState::Exit,
[INFO] [stdout]     |                         ^^^^^ could not find `Event` in `glutin`
[INFO] [stdout] 
[INFO] [stdout] 
[INFO] [stdout] error[E0433]: failed to resolve: could not find `glutin_backend` in `backend`
[INFO] [stdout]   --> src/sprite.rs:28:42
[INFO] [stdout]    |
[INFO] [stdout] 28 |     pub fn new(display: &glium::backend::glutin_backend::GlutinFacade,
[INFO] [stdout]    |                                          ^^^^^^^^^^^^^^ could not find `glutin_backend` in `backend`
[INFO] [stdout] 
[INFO] [stdout] 
[INFO] [stdout] error[E0433]: failed to resolve: could not find `glutin_backend` in `backend`
[INFO] [stdout]   --> src/sprite.rs:35:49
[INFO] [stdout]    |
[INFO] [stdout] 35 |     pub fn new_tinted(display: &glium::backend::glutin_backend::GlutinFacade,
[INFO] [stdout]    |                                                 ^^^^^^^^^^^^^^ could not find `glutin_backend` in `backend`
[INFO] [stdout] 
[INFO] [stdout] 
[INFO] [stdout] error[E0433]: failed to resolve: could not find `glutin_backend` in `backend`
[INFO] [stdout]   --> src/tetris.rs:57:55
[INFO] [stdout]    |
[INFO] [stdout] 57 |     pub fn start(&mut self, display: &glium::backend::glutin_backend::GlutinFacade)
[INFO] [stdout]    |                                                       ^^^^^^^^^^^^^^ could not find `glutin_backend` in `backend`
[INFO] [stdout] 
[INFO] [stdout] 
[INFO] [stdout] error[E0433]: failed to resolve: could not find `glutin_backend` in `backend`
[INFO] [stdout]    --> src/tetris.rs:242:55
[INFO] [stdout]     |
[INFO] [stdout] 242 |     fn new_piece(&mut self, display: &glium::backend::glutin_backend::GlutinFacade)
[INFO] [stdout]     |                                                       ^^^^^^^^^^^^^^ could not find `glutin_backend` in `backend`
[INFO] [stdout] 
[INFO] [stdout] 
[INFO] [stdout] error[E0433]: failed to resolve: could not find `glutin_backend` in `backend`
[INFO] [stdout]    --> src/tetris.rs:255:62
[INFO] [stdout]     |
[INFO] [stdout] 255 |     fn setup_background(&mut self, display: &glium::backend::glutin_backend::GlutinFacade)
[INFO] [stdout]     |                                                              ^^^^^^^^^^^^^^ could not find `glutin_backend` in `backend`
[INFO] [stdout] 
[INFO] [stdout] 
[INFO] [stdout] error[E0433]: failed to resolve: could not find `glutin_backend` in `backend`
[INFO] [stdout]   --> src/tetromino.rs:35:42
[INFO] [stdout]    |
[INFO] [stdout] 35 |     pub fn new(display: &glium::backend::glutin_backend::GlutinFacade, shape: Shape,
[INFO] [stdout]    |                                          ^^^^^^^^^^^^^^ could not find `glutin_backend` in `backend`
[INFO] [stdout] 
[INFO] [stdout] 
[INFO] [stdout] error[E0433]: failed to resolve: could not find `glutin_backend` in `backend`
[INFO] [stdout]    --> src/tetromino.rs:122:48
[INFO] [stdout]     |
[INFO] [stdout] 122 |     fn build_sprites(display: &glium::backend::glutin_backend::GlutinFacade, matrix: &CellMatrix)
[INFO] [stdout]     |                                                ^^^^^^^^^^^^^^ could not find `glutin_backend` in `backend`
[INFO] [stdout] 
[INFO] [stdout] 
[INFO] [stdout] error[E0433]: failed to resolve: could not find `WindowBuilder` in `glutin`
[INFO] [stdout]   --> src/rootwindow.rs:49:38
[INFO] [stdout]    |
[INFO] [stdout] 49 |         let display = glium::glutin::WindowBuilder::new()
[INFO] [stdout]    |                                      ^^^^^^^^^^^^^ not found in `glium::glutin`
[INFO] [stdout]    |
[INFO] [stdout] help: consider importing this struct
[INFO] [stdout]    |
[INFO] [stdout] 1  | use rootwindow::glutin::window::WindowBuilder;
[INFO] [stdout]    |
[INFO] [stdout] 
[INFO] [stdout] 
[INFO] [stdout] error[E0425]: cannot find function `zero` in crate `cgmath`
[INFO] [stdout]   --> src/sprite.rs:79:31
[INFO] [stdout]    |
[INFO] [stdout] 79 |             position: cgmath::zero(),
[INFO] [stdout]    |                               ^^^^ not found in `cgmath`
[INFO] [stdout]    |
[INFO] [stdout] help: consider importing this function
[INFO] [stdout]    |
[INFO] [stdout] 1  | use cgmath::num_traits::zero;
[INFO] [stdout]    |
[INFO] [stdout] 
[INFO] [stdout] 
[INFO] [stdout] error[E0425]: cannot find value `PNG` in crate `image`
[INFO] [stdout]   --> src/spritemanager.rs:29:20
[INFO] [stdout]    |
[INFO] [stdout] 29 |             image::PNG
[INFO] [stdout]    |                    ^^^ not found in `image`
[INFO] [stdout] 
[INFO] [stdout] 
[INFO] [stdout] error[E0425]: cannot find value `PNG` in crate `image`
[INFO] [stdout]   --> src/spritemanager.rs:34:20
[INFO] [stdout]    |
[INFO] [stdout] 34 |             image::PNG
[INFO] [stdout]    |                    ^^^ not found in `image`
[INFO] [stdout] 
[INFO] [stdout] 
[INFO] [stdout] warning: use of deprecated function `std::thread::sleep_ms`: replaced by `std::thread::sleep`
[INFO] [stdout]    --> src/rootwindow.rs:127:13
[INFO] [stdout]     |
[INFO] [stdout] 127 |             thread::sleep_ms(((fixed_time_stamp - accumulator) as f64 / 1E+6) as u32);
[INFO] [stdout]     |             ^^^^^^^^^^^^^^^^
[INFO] [stdout]     |
[INFO] [stdout]     = note: `#[warn(deprecated)]` on by default
[INFO] [stdout] 
[INFO] [stdout] 
[INFO] [stdout] warning: use of deprecated function `std::thread::sleep_ms`: replaced by `std::thread::sleep`
[INFO] [stdout]    --> src/rootwindow.rs:127:13
[INFO] [stdout]     |
[INFO] [stdout] 127 |             thread::sleep_ms(((fixed_time_stamp - accumulator) as f64 / 1E+6) as u32);
[INFO] [stdout]     |             ^^^^^^^^^^^^^^^^
[INFO] [stdout]     |
[INFO] [stdout]     = note: `#[warn(deprecated)]` on by default
[INFO] [stdout] 
[INFO] [stdout] 
[INFO] [stdout] error[E0308]: mismatched types
[INFO] [stdout]   --> src/sprite.rs:40:13
[INFO] [stdout]    |
[INFO] [stdout] 40 | /             vec![
[INFO] [stdout] 41 | |                 Vertex
[INFO] [stdout] 42 | |                 {
[INFO] [stdout] 43 | |                     position: [rect.left(), rect.top()],
[INFO] [stdout] ...  |
[INFO] [stdout] 66 | |                 },
[INFO] [stdout] 67 | |             ]
[INFO] [stdout]    | |_____________^ expected `&[_]`, found struct `Vec`
[INFO] [stdout]    |
[INFO] [stdout]    = note: expected reference `&[_]`
[INFO] [stdout]                  found struct `Vec<rootwindow::Vertex>`
[INFO] [stdout]    = note: this error originates in a macro (in Nightly builds, run with -Z macro-backtrace for more info)
[INFO] [stdout] 
[INFO] [stdout] 
[INFO] [stdout] error[E0308]: mismatched types
[INFO] [stdout]   --> src/sprite.rs:40:13
[INFO] [stdout]    |
[INFO] [stdout] 40 | /             vec![
[INFO] [stdout] 41 | |                 Vertex
[INFO] [stdout] 42 | |                 {
[INFO] [stdout] 43 | |                     position: [rect.left(), rect.top()],
[INFO] [stdout] ...  |
[INFO] [stdout] 66 | |                 },
[INFO] [stdout] 67 | |             ]
[INFO] [stdout]    | |_____________^ expected `&[_]`, found struct `Vec`
[INFO] [stdout]    |
[INFO] [stdout]    = note: expected reference `&[_]`
[INFO] [stdout]                  found struct `Vec<rootwindow::Vertex>`
[INFO] [stdout]    = note: this error originates in a macro (in Nightly builds, run with -Z macro-backtrace for more info)
[INFO] [stdout] 
[INFO] [stdout] 
[INFO] [stdout] error[E0308]: mismatched types
[INFO] [stdout]   --> src/sprite.rs:72:13
[INFO] [stdout]    |
[INFO] [stdout] 72 |             vec![0, 2, 1, 0, 3, 2]
[INFO] [stdout]    |             ^^^^^^^^^^^^^^^^^^^^^^ expected `&[_]`, found struct `Vec`
[INFO] [stdout]    |
[INFO] [stdout]    = note: expected reference `&[_]`
[INFO] [stdout]                  found struct `Vec<{integer}>`
[INFO] [stdout]    = note: this error originates in a macro (in Nightly builds, run with -Z macro-backtrace for more info)
[INFO] [stdout] 
[INFO] [stdout] 
[INFO] [stdout] error[E0308]: mismatched types
[INFO] [stdout]   --> src/sprite.rs:72:13
[INFO] [stdout]    |
[INFO] [stdout] 72 |             vec![0, 2, 1, 0, 3, 2]
[INFO] [stdout]    |             ^^^^^^^^^^^^^^^^^^^^^^ expected `&[_]`, found struct `Vec`
[INFO] [stdout]    |
[INFO] [stdout]    = note: expected reference `&[_]`
[INFO] [stdout]                  found struct `Vec<{integer}>`
[INFO] [stdout]    = note: this error originates in a macro (in Nightly builds, run with -Z macro-backtrace for more info)
[INFO] [stdout] 
[INFO] [stdout] 
[INFO] [stdout] error[E0308]: mismatched types
[INFO] [stdout]   --> src/sprite.rs:83:28
[INFO] [stdout]    |
[INFO] [stdout] 83 |             vertex_buffer: vertex_buffer,
[INFO] [stdout]    |                            ^^^^^^^^^^^^^ expected struct `glium::VertexBuffer`, found enum `std::result::Result`
[INFO] [stdout]    |
[INFO] [stdout]    = note: expected struct `glium::VertexBuffer<rootwindow::Vertex>`
[INFO] [stdout]                 found enum `std::result::Result<glium::VertexBuffer<_>, glium::vertex::BufferCreationError>`
[INFO] [stdout] 
[INFO] [stdout] 
[INFO] [stdout] error[E0308]: mismatched types
[INFO] [stdout]   --> src/sprite.rs:83:28
[INFO] [stdout]    |
[INFO] [stdout] 83 |             vertex_buffer: vertex_buffer,
[INFO] [stdout]    |                            ^^^^^^^^^^^^^ expected struct `glium::VertexBuffer`, found enum `std::result::Result`
[INFO] [stdout]    |
[INFO] [stdout]    = note: expected struct `glium::VertexBuffer<rootwindow::Vertex>`
[INFO] [stdout]                 found enum `std::result::Result<glium::VertexBuffer<_>, glium::vertex::BufferCreationError>`
[INFO] [stdout] 
[INFO] [stdout] 
[INFO] [stdout] error[E0308]: mismatched types
[INFO] [stdout]   --> src/sprite.rs:84:27
[INFO] [stdout]    |
[INFO] [stdout] 84 |             index_buffer: index_buffer,
[INFO] [stdout]    |                           ^^^^^^^^^^^^ expected struct `glium::IndexBuffer`, found enum `std::result::Result`
[INFO] [stdout]    |
[INFO] [stdout]    = note: expected struct `glium::IndexBuffer<u16>`
[INFO] [stdout]                 found enum `std::result::Result<glium::IndexBuffer<_>, glium::index::BufferCreationError>`
[INFO] [stdout] 
[INFO] [stdout] 
[INFO] [stdout] error[E0599]: no function or associated item named `identity` found for struct `Matrix4<f32>` in the current scope
[INFO] [stdout]   --> src/sprite.rs:96:41
[INFO] [stdout]    |
[INFO] [stdout] 96 |         let rotmatrix = Matrix4::<f32>::identity();
[INFO] [stdout]    |                                         ^^^^^^^^ function or associated item not found in `Matrix4<f32>`
[INFO] [stdout]    |
[INFO] [stdout]    = help: items from traits can only be used if the trait is in scope
[INFO] [stdout]    = note: the following trait is implemented but not in scope; perhaps add a `use` for it:
[INFO] [stdout]            `use cgmath::SquareMatrix;`
[INFO] [stdout] 
[INFO] [stdout] 
[INFO] [stdout] error[E0308]: mismatched types
[INFO] [stdout]   --> src/sprite.rs:98:53
[INFO] [stdout]    |
[INFO] [stdout] 98 |         let translation = Matrix4::from_translation(&self.position);
[INFO] [stdout]    |                                                     ^^^^^^^^^^^^^^
[INFO] [stdout]    |                                                     |
[INFO] [stdout]    |                                                     expected struct `Vector3`, found `&Vector3<f32>`
[INFO] [stdout]    |                                                     help: consider removing the borrow: `self.position`
[INFO] [stdout]    |
[INFO] [stdout]    = note: expected struct `Vector3<_>`
[INFO] [stdout]            found reference `&Vector3<f32>`
[INFO] [stdout] 
[INFO] [stdout] 
[INFO] [stdout] error[E0560]: struct `DrawParameters<'_>` has no field named `blending_function`
[INFO] [stdout]    --> src/sprite.rs:107:13
[INFO] [stdout]     |
[INFO] [stdout] 107 |             blending_function:
[INFO] [stdout]     |             ^^^^^^^^^^^^^^^^^ `DrawParameters<'_>` does not have this field
[INFO] [stdout]     |
[INFO] [stdout]     = note: available fields are: `depth`, `stencil`, `blend`, `color_mask`, `line_width` ... and 19 others
[INFO] [stdout] 
[INFO] [stdout] 
[INFO] [stdout] error[E0277]: the trait bound `DynamicImage: Texture2dDataSource<'_>` is not satisfied
[INFO] [stdout]     --> src/spritemanager.rs:40:63
[INFO] [stdout]      |
[INFO] [stdout] 40   |                 texture::Texture2d::new(&root_window.display, sprite_sheet),
[INFO] [stdout]      |                                                               ^^^^^^^^^^^^ the trait `Texture2dDataSource<'_>` is not implemented for `DynamicImage`
[INFO] [stdout]      | 
[INFO] [stdout]     ::: /opt/rustwide/target/debug/build/glium-779770c29cd12e51/out/textures.rs:2860:40
[INFO] [stdout]      |
[INFO] [stdout] 2860 | ...                   where T: Texture2dDataSource<'a>, F: Facade
[INFO] [stdout]      |                                ----------------------- required by this bound in `glium::Texture2d::new`
[INFO] [stdout] 
[INFO] [stdout] 
[INFO] [stdout] error[E0308]: mismatched types
[INFO] [stdout]   --> src/sprite.rs:84:27
[INFO] [stdout]    |
[INFO] [stdout] 84 |             index_buffer: index_buffer,
[INFO] [stdout]    |                           ^^^^^^^^^^^^ expected struct `glium::IndexBuffer`, found enum `std::result::Result`
[INFO] [stdout]    |
[INFO] [stdout]    = note: expected struct `glium::IndexBuffer<u16>`
[INFO] [stdout]                 found enum `std::result::Result<glium::IndexBuffer<_>, glium::index::BufferCreationError>`
[INFO] [stdout] 
[INFO] [stdout] 
[INFO] [stdout] error[E0599]: no function or associated item named `identity` found for struct `Matrix4<f32>` in the current scope
[INFO] [stdout]   --> src/sprite.rs:96:41
[INFO] [stdout]    |
[INFO] [stdout] 96 |         let rotmatrix = Matrix4::<f32>::identity();
[INFO] [stdout]    |                                         ^^^^^^^^ function or associated item not found in `Matrix4<f32>`
[INFO] [stdout]    |
[INFO] [stdout]    = help: items from traits can only be used if the trait is in scope
[INFO] [stdout]    = note: the following trait is implemented but not in scope; perhaps add a `use` for it:
[INFO] [stdout]            `use cgmath::SquareMatrix;`
[INFO] [stdout] 
[INFO] [stdout] 
[INFO] [stdout] error[E0308]: mismatched types
[INFO] [stdout]   --> src/sprite.rs:98:53
[INFO] [stdout]    |
[INFO] [stdout] 98 |         let translation = Matrix4::from_translation(&self.position);
[INFO] [stdout]    |                                                     ^^^^^^^^^^^^^^
[INFO] [stdout]    |                                                     |
[INFO] [stdout]    |                                                     expected struct `Vector3`, found `&Vector3<f32>`
[INFO] [stdout]    |                                                     help: consider removing the borrow: `self.position`
[INFO] [stdout]    |
[INFO] [stdout]    = note: expected struct `Vector3<_>`
[INFO] [stdout]            found reference `&Vector3<f32>`
[INFO] [stdout] 
[INFO] [stdout] 
[INFO] [stdout] error[E0560]: struct `DrawParameters<'_>` has no field named `blending_function`
[INFO] [stdout]    --> src/sprite.rs:107:13
[INFO] [stdout]     |
[INFO] [stdout] 107 |             blending_function:
[INFO] [stdout]     |             ^^^^^^^^^^^^^^^^^ `DrawParameters<'_>` does not have this field
[INFO] [stdout]     |
[INFO] [stdout]     = note: available fields are: `depth`, `stencil`, `blend`, `color_mask`, `line_width` ... and 19 others
[INFO] [stdout] 
[INFO] [stdout] 
[INFO] [stdout] error[E0277]: the trait bound `DynamicImage: Texture2dDataSource<'_>` is not satisfied
[INFO] [stdout]     --> src/spritemanager.rs:40:63
[INFO] [stdout]      |
[INFO] [stdout] 40   |                 texture::Texture2d::new(&root_window.display, sprite_sheet),
[INFO] [stdout]      |                                                               ^^^^^^^^^^^^ the trait `Texture2dDataSource<'_>` is not implemented for `DynamicImage`
[INFO] [stdout]      | 
[INFO] [stdout]     ::: /opt/rustwide/target/debug/build/glium-779770c29cd12e51/out/textures.rs:2860:40
[INFO] [stdout]      |
[INFO] [stdout] 2860 | ...                   where T: Texture2dDataSource<'a>, F: Facade
[INFO] [stdout]      |                                ----------------------- required by this bound in `glium::Texture2d::new`
[INFO] [stdout] 
[INFO] [stdout] 
[INFO] [stdout] error[E0308]: mismatched types
[INFO] [stdout]   --> src/spritemanager.rs:40:17
[INFO] [stdout]    |
[INFO] [stdout] 40 |                 texture::Texture2d::new(&root_window.display, sprite_sheet),
[INFO] [stdout]    |                 ^^^^^^^^^^^^^^^^^^^^^^^^^^^^^^^^^^^^^^^^^^^^^^^^^^^^^^^^^^^ expected struct `glium::Texture2d`, found enum `std::result::Result`
[INFO] [stdout]    |
[INFO] [stdout]    = note: expected struct `glium::Texture2d`
[INFO] [stdout]                 found enum `std::result::Result<glium::Texture2d, glium::texture::TextureCreationError>`
[INFO] [stdout] 
[INFO] [stdout] 
[INFO] [stdout] error[E0277]: the trait bound `DynamicImage: Texture2dDataSource<'_>` is not satisfied
[INFO] [stdout]     --> src/spritemanager.rs:41:63
[INFO] [stdout]      |
[INFO] [stdout] 41   |                 texture::Texture2d::new(&root_window.display, background),
[INFO] [stdout]      |                                                               ^^^^^^^^^^ the trait `Texture2dDataSource<'_>` is not implemented for `DynamicImage`
[INFO] [stdout]      | 
[INFO] [stdout]     ::: /opt/rustwide/target/debug/build/glium-779770c29cd12e51/out/textures.rs:2860:40
[INFO] [stdout]      |
[INFO] [stdout] 2860 | ...                   where T: Texture2dDataSource<'a>, F: Facade
[INFO] [stdout]      |                                ----------------------- required by this bound in `glium::Texture2d::new`
[INFO] [stdout] 
[INFO] [stdout] 
[INFO] [stdout] error[E0282]: type annotations needed
[INFO] [stdout]   --> src/tetris.rs:43:23
[INFO] [stdout]    |
[INFO] [stdout] 43 |             key_held: None,
[INFO] [stdout]    |                       ^^^^ cannot infer type for type parameter `T` declared on the enum `Option`
[INFO] [stdout] 
[INFO] [stdout] 
[INFO] [stdout] warning: unused import: `Surface`
[INFO] [stdout]  --> src/rootwindow.rs:9:27
[INFO] [stdout]   |
[INFO] [stdout] 9 | use glium::{DisplayBuild, Surface};
[INFO] [stdout]   |                           ^^^^^^^
[INFO] [stdout]   |
[INFO] [stdout]   = note: `#[warn(unused_imports)]` on by default
[INFO] [stdout] 
[INFO] [stdout] 
[INFO] [stdout] error: aborting due to 26 previous errors; 2 warnings emitted
[INFO] [stdout] 
[INFO] [stdout] 
[INFO] [stdout] Some errors have detailed explanations: E0277, E0282, E0308, E0425, E0432, E0433, E0560, E0599.
[INFO] [stdout] 
[INFO] [stdout] For more information about an error, try `rustc --explain E0277`.
[INFO] [stdout] 
[INFO] [stderr] error: could not compile `tetris`.
[INFO] [stderr] 
[INFO] [stderr] To learn more, run the command again with --verbose.
[INFO] [stderr] warning: build failed, waiting for other jobs to finish...
[INFO] [stdout] error[E0308]: mismatched types
[INFO] [stdout]   --> src/spritemanager.rs:40:17
[INFO] [stdout]    |
[INFO] [stdout] 40 |                 texture::Texture2d::new(&root_window.display, sprite_sheet),
[INFO] [stdout]    |                 ^^^^^^^^^^^^^^^^^^^^^^^^^^^^^^^^^^^^^^^^^^^^^^^^^^^^^^^^^^^ expected struct `glium::Texture2d`, found enum `std::result::Result`
[INFO] [stdout]    |
[INFO] [stdout]    = note: expected struct `glium::Texture2d`
[INFO] [stdout]                 found enum `std::result::Result<glium::Texture2d, glium::texture::TextureCreationError>`
[INFO] [stdout] 
[INFO] [stdout] 
[INFO] [stdout] error[E0277]: the trait bound `DynamicImage: Texture2dDataSource<'_>` is not satisfied
[INFO] [stdout]     --> src/spritemanager.rs:41:63
[INFO] [stdout]      |
[INFO] [stdout] 41   |                 texture::Texture2d::new(&root_window.display, background),
[INFO] [stdout]      |                                                               ^^^^^^^^^^ the trait `Texture2dDataSource<'_>` is not implemented for `DynamicImage`
[INFO] [stdout]      | 
[INFO] [stdout]     ::: /opt/rustwide/target/debug/build/glium-779770c29cd12e51/out/textures.rs:2860:40
[INFO] [stdout]      |
[INFO] [stdout] 2860 | ...                   where T: Texture2dDataSource<'a>, F: Facade
[INFO] [stdout]      |                                ----------------------- required by this bound in `glium::Texture2d::new`
[INFO] [stdout] 
[INFO] [stdout] 
[INFO] [stdout] error[E0282]: type annotations needed
[INFO] [stdout]   --> src/tetris.rs:43:23
[INFO] [stdout]    |
[INFO] [stdout] 43 |             key_held: None,
[INFO] [stdout]    |                       ^^^^ cannot infer type for type parameter `T` declared on the enum `Option`
[INFO] [stdout] 
[INFO] [stdout] 
[INFO] [stdout] warning: unused import: `Surface`
[INFO] [stdout]  --> src/rootwindow.rs:9:27
[INFO] [stdout]   |
[INFO] [stdout] 9 | use glium::{DisplayBuild, Surface};
[INFO] [stdout]   |                           ^^^^^^^
[INFO] [stdout]   |
[INFO] [stdout]   = note: `#[warn(unused_imports)]` on by default
[INFO] [stdout] 
[INFO] [stdout] 
[INFO] [stdout] error: aborting due to 26 previous errors; 2 warnings emitted
[INFO] [stdout] 
[INFO] [stdout] 
[INFO] [stdout] Some errors have detailed explanations: E0277, E0282, E0308, E0425, E0432, E0433, E0560, E0599.
[INFO] [stdout] 
[INFO] [stdout] For more information about an error, try `rustc --explain E0277`.
[INFO] [stdout] 
[INFO] [stderr] error: build failed
[INFO] running `Command { std: "docker" "inspect" "f09ce58b58271a665c21e9a1ee0a5276de40035eee362304ab773b35f20c766b", kill_on_drop: false }`
[INFO] running `Command { std: "docker" "rm" "-f" "f09ce58b58271a665c21e9a1ee0a5276de40035eee362304ab773b35f20c766b", kill_on_drop: false }`
[INFO] [stdout] f09ce58b58271a665c21e9a1ee0a5276de40035eee362304ab773b35f20c766b
